 the prime factors of 57320133?
3, 13, 1469747
List the prime factors of 442656321.
3, 23, 61, 251, 419
What are the prime factors of 5520093063?
3, 1840031021
List the prime factors of 211946224.
2, 7, 859, 2203
What are the prime factors of 39204632?
2, 131, 37409
What are the prime factors of 589833974?
2, 59, 127, 39359
What are the prime factors of 3000685283?
17, 71, 2486069
List the prime factors of 52674045.
3, 5, 3511603
List the prime factors of 482108768.
2, 1063, 14173
What are the prime factors of 121013186?
2, 7, 1601, 5399
What are the prime factors of 117403509?
3, 47, 173, 4813
What are the prime factors of 21734282?
2, 29, 374729
What are the prime factors of 364151328?
2, 3, 487, 7789
List the prime factors of 104838554.
2, 23, 1091, 2089
What are the prime factors of 1002943628?
2, 17, 14749171
What are the prime factors of 92377920?
2, 3, 5, 41, 2347
What are the prime factors of 150328853?
83, 967, 1873
List the prime factors of 176961637.
89, 941, 2113
What are the prime factors of 2547667039?
17, 149862767
List the prime factors of 144681981.
3, 1499, 32173
List the prime factors of 1019921278.
2, 509960639
List the prime factors of 45695201.
17, 2687953
List the prime factors of 594180703.
9511, 62473
List the prime factors of 74872265.
5, 13, 1151881
List the prime factors of 6941608.
2, 867701
List the prime factors of 2877595562.
2, 19, 5519, 13721
What are the prime factors of 72739957?
17, 67, 63863
List the prime factors of 2540673641.
11, 6247, 36973
What are the prime factors of 9937758?
2, 3, 17, 97429
List the prime factors of 5067015642.
2, 3, 13, 1249, 5779
What are the prime factors of 59195731?
7, 277, 30529
List the prime factors of 121865763.
3, 131, 310091
What are the prime factors of 293055291?
3, 103, 316133
List the prime factors of 74198897.
17, 23, 189767
What are the prime factors of 345835625?
5, 19, 29123
List the prime factors of 1057619390.
2, 5, 1451, 72889
What are the prime factors of 164833089?
3, 47, 1169029
List the prime factors of 150492039.
3, 1289, 38917
List the prime factors of 218611091.
79, 2767229
What are the prime factors of 1453133367?
3, 7, 911, 3617
What are the prime factors of 256850113?
13, 19, 233, 4463
List the prime factors of 21441404.
2, 5360351
List the prime factors of 51482099.
3373, 15263
List the prime factors of 1827853332.
2, 3, 23, 211, 31387
List the prime factors of 49371107.
49371107
What are the prime factors of 330678741?
3, 269, 593, 691
List the prime factors of 3105534676.
2, 241, 3221509
List the prime factors of 23527659.
3, 7842553
List the prime factors of 15240531.
3, 5080177
List the prime factors of 45047869.
23, 1958603
What are the prime factors of 25555538?
2, 269, 47501
What are the prime factors of 57347882?
2, 59, 197, 2467
List the prime factors of 3208419938.
2, 47, 34132127
What are the prime factors of 130513650?
2, 3, 5, 227, 3833
What are the prime factors of 334794670?
2, 5, 7, 23, 207947
List the prime factors of 3108001527.
3, 563, 613381
What are the prime factors of 5752397?
7, 821771
List the prime factors of 1737060521.
7, 113, 2196031
List the prime factors of 289571790.
2, 3, 5, 9652393
List the prime factors of 124911384.
2, 3, 13, 109, 3673
What are the prime factors of 865194050?
2, 5, 7, 2471983
What are the prime factors of 3540427337?
59, 60007243
What are the prime factors of 507290479?
31, 43, 380563
What are the prime factors of 406154741?
53, 7663297
List the prime factors of 3684653851.
3684653851
What are the prime factors of 66017978?
2, 13, 29, 87557
List the prime factors of 86888795.
5, 7, 2482537
List the prime factors of 2166560979.
3, 11, 1021, 64303
List the prime factors of 1601474210.
2, 5, 7, 83, 275641
List the prime factors of 443203441.
443203441
List the prime factors of 156855268.
2, 3109, 12613
What are the prime factors of 553854350?
2, 5, 7, 226063
What are the prime factors of 234116624?
2, 7, 2090327
What are the prime factors of 296816926?
2, 7, 21201209
List the prime factors of 672751805.
5, 11, 2441, 5011
What are the prime factors of 292502331?
3, 11, 2954569
What are the prime factors of 27446466?
2, 3, 17, 41, 6563
What are the prime factors of 2475709439?
7, 17, 29, 401, 1789
What are the prime factors of 233524468?
2, 2383, 24499
List the prime factors of 2031466498.
2, 1015733249
What are the prime factors of 366764801?
13, 293, 96289
List the prime factors of 18243032.
2, 41, 55619
List the prime factors of 243936284.
2, 29, 601, 3499
List the prime factors of 899104095.
3, 5, 19980091
What are the prime factors of 155563967?
13, 11966459
What are the prime factors of 1046024368?
2, 67, 229, 4261
List the prime factors of 997874359.
41, 79, 308081
What are the prime factors of 341968729?
101, 3385829
List the prime factors of 63876111.
3, 13, 107, 15307
List the prime factors of 82758076.
2, 20689519
What are the prime factors of 598113366?
2, 3, 99685561
List the prime factors of 511803482.
2, 277, 923833
List the prime factors of 56371488.
2, 3, 103, 5701
What are the prime factors of 367466438?
2, 2087, 88037
What are the prime factors of 76838577?
3, 25612859
List the prime factors of 245601066.
2, 3, 157, 260723
List the prime factors of 1378209746.
2, 29, 23762237
List the prime factors of 33902440.
2, 5, 11, 13, 5927
List the prime factors of 63321678.
2, 3, 7, 502553
List the prime factors of 1716771085.
5, 59, 5819563
What are the prime factors of 207878138?
2, 13, 163, 181, 271
What are the prime factors of 20955419?
20955419
List the prime factors of 70002695.
5, 7, 541, 3697
List the prime factors of 28361712.
2, 3, 17, 34757
What are the prime factors of 1737517643?
19, 1933, 47309
List the prime factors of 45657377.
523, 87299
List the prime factors of 24868765.
5, 4973753
List the prime factors of 1992207727.
21773, 91499
List the prime factors of 2038810839.
3, 13, 1549, 33749
What are the prime factors of 172136416?
2, 23, 233881
What are the prime factors of 3089695611?
3, 2791, 369007
What are the prime factors of 1230552146?
2, 61, 113, 89261
List the prime factors of 243671698.
2, 61, 1109, 1801
What are the prime factors of 13311108?
2, 3, 59, 2089
List the prime factors of 596013711.
3, 198671237
List the prime factors of 55257887.
61, 563, 1609
What are the prime factors of 100940010?
2, 3, 5, 29, 157, 739
What are the prime factors of 228747245?
5, 881, 51929
List the prime factors of 310619174.
2, 29, 5355503
List the prime factors of 643952413.
13, 23, 193, 11159
List the prime factors of 69764937.
3, 11, 2114089
What are the prime factors of 2230083298?
2, 59, 149, 126839
List the prime factors of 153711391.
557, 275963
What are the prime factors of 126387988?
2, 31596997
What are the prime factors of 186015101?
71, 2619931
What are the prime factors of 981088212?
2, 3, 13, 29, 229, 947
List the prime factors of 81862540.
2, 5, 43, 95189
List the prime factors of 101834067.
3, 89, 381401
List the prime factors of 186962921.
1481, 126241
What are the prime factors of 349329008?
2, 7, 3119009
List the prime factors of 409935372.
2, 3, 7, 11, 61, 1039
What are the prime factors of 177841828?
2, 17, 739, 3539
What are the prime factors of 6729222734?
2, 13, 19908943
List the prime factors of 606476855.
5, 29, 4182599
What are the prime factors of 6634690?
2, 5, 101, 6569
What are the prime factors of 31391905?
5, 6278381
What are the prime factors of 332266058?
2, 166133029
List the prime factors of 31155430.
2, 5, 97, 32119
What are the prime factors of 237858946?
2, 13, 71, 269, 479
What are the prime factors of 12273429?
3, 7, 181, 3229
List the prime factors of 1345351538.
2, 672675769
List the prime factors of 50313818.
2, 25156909
List the prime factors of 413507519.
7013, 58963
List the prime factors of 126125778.
2, 3, 21020963
List the prime factors of 15230843.
97, 157019
What are the prime factors of 617984826?
2, 3, 139, 740989
What are the prime factors of 2427933?
3, 467, 1733
What are the prime factors of 90709349?
3461, 26209
List the prime factors of 429688141.
17, 37, 683129
List the prime factors of 38373670.
2, 5, 29, 113, 1171
List the prime factors of 43603481.
131, 332851
What are the prime factors of 38164857?
3, 1523, 8353
W